Let x = -7 + 15. Let d(l) = l - 4. Let y be d(x). Suppose -5*c - y*i + 35 = -2*i, -i = c - 10. Calculate the greatest common factor of c and 5.
5
Let v = 119 - 109. What is the greatest common divisor of v and 250?
10
Suppose -2*y + 0*y = -3*m + 160, 3*m - 164 = 4*y. What is the greatest common factor of m and 13?
13
Let z = -5 + 15. Let c be -17 - -21 - (-14 - -1). Suppose -z = -3*k + c. What is the highest common divisor of k and 81?
9
Let y be 10 + (7 - 3 - 7). What is the highest common factor of 21 and y?
7
Let x be 1 - (-6)/3 - 1. Let k be x*1/4*38. Calculate the highest common factor of k and 38.
19
Let a be (-4)/(-10) - (-444)/15. Suppose a - 228 = -3*v. Suppose -3*k = -k - v. Calculate the greatest common divisor of 3 and k.
3
Suppose 172 = -5*f + 1207. Let t be 25 - 3/(3/2). Calculate the highest common factor of t and f.
23
Let d(m) = -m + 4. Let y be d(9). Let q = -20 - y. Let o = -7 - q. Calculate the greatest common factor of 16 and o.
8
Let j be ((-60)/50)/(2/(-15)). What is the greatest common factor of j and 27?
9
Suppose -x = -2*x. Suppose 0 = -w + 4 - x. Suppose -w*g + 7*g - 2*u = 13, 0 = -5*g - 5*u - 20. What is the greatest common divisor of g and 9?
1
Let w be (3/6)/(1/4). Suppose c + w = 6. What is the highest common factor of 16 and c?
4
Let s = -10 - -16. Suppose -s*v = 4*j - 5*v + 56, j - 3*v = -27. Let c = -7 - j. What is the highest common factor of 88 and c?
8
Let f(g) = -5*g - 2*g**2 + 3*g**3 + 4*g + 0 - 2*g**3 - 1. Let x be f(4). Suppose -2*s + s + x = 0. What is the greatest common divisor of s and 9?
9
Suppose -2*r + 2 = -r. Let n be (-4 - -5)/((-1)/(-8)). Calculate the greatest common factor of n and r.
2
Let m(g) be the second derivative of -4*g**3/3 - g**2/2 + g. Let x be m(-1). Calculate the greatest common divisor of x and 7.
7
Let n(r) = r**2 + r + 48. Suppose -3*f = f. Let y be n(f). What is the greatest common factor of y and 32?
16
Suppose -4*h + 1 + 7 = 0. Suppose h = 2*d - 0*d. Calculate the greatest common divisor of d and 1.
1
Suppose 7*g - 305 = -18. What is the greatest common factor of g and 164?
41
Suppose -3*j + 0*j = -6. Let z be j*2/(-4) - -50. Let m be (-122)/(-18) - (-4)/18. What is the greatest common factor of z and m?
7
Suppose -4*f = 4 - 12. Let h be (-27)/12*6*f. Let i = h - -45. Calculate the highest common factor of 90 and i.
18
Suppose 2*b - 7*b = -90. What is the highest common factor of 54 and b?
18
Let p(j) = j**2 + 5*j - 4. Let z be p(-7). Let k be -1 + 6/(-9)*-267. Let v = k + -87. Calculate the greatest common divisor of z and v.
10
Suppose 35 = s + 5*k, 0 = 4*s + 6*k - 3*k - 157. Suppose -4*l = -4*a - s, -3*l + 12 + 22 = -4*a. What is the highest common divisor of l and 15?
3
Let w be 56/9 + (-2)/9. Suppose -5*k - 2*g = 4, -7*k - 3*g = -2*k + w. Let l be 10 - (k + (-1 - 1)). Calculate the greatest common divisor of l and 3.
3
Suppose 5*m + 285 = 890. Calculate the greatest common factor of 11 and m.
11
Suppose -4 = 2*n - 82. What is the highest common divisor of 13 and n?
13
Let d be (-18 + 2)/(1/(-6)). Let j = d - 19. Let v be (-4)/(-6)*(-21)/(-2). Calculate the greatest common factor of j and v.
7
Let k = 11 - -3. Calculate the highest common factor of 21 and k.
7
Let i be 10/3*63/35. Suppose 8*s - 24 = i*s. Calculate the highest common divisor of 36 and s.
12
Let v = 77 - 33. What is the greatest common divisor of v and 11?
11
Suppose 1 = -w - 2. Let q be (0 - w)*(-30)/(-2). Let t be 0 - (1 + -4 - 2). What is the highest common divisor of q and t?
5
Let s(g) = 58*g**2 + 3*g + 6. Let y be s(-2). What is the highest common divisor of y and 8?
8
Let b = -4 - -6. Suppose 2*f - 41 - 28 = -5*q, -3*f = 5*q - 91. Calculate the greatest common factor of f and b.
2
Let c = 37 - -19. What is the greatest common factor of c and 14?
14
Suppose -140 = -9*l + 4*l. Suppose -3*k + 0*k - 393 = 0. Let a = -61 - k. What is the greatest common factor of l and a?
14
Suppose -4*p = 0, 2*p = -4*c + 6*c - 38. Calculate the highest common factor of c and 114.
19
Let s = 5 - -3. Suppose 4 - 2 = h. Suppose -350 = -5*i + 5*w, 3*i - h*i = -5*w + 82. What is the highest common divisor of s and i?
8
Let d = 40 + 37. Suppose -26*t = -30*t + 28. Calculate the highest common divisor of d and t.
7
Let d be (19/(-2))/(((-33)/6)/11). Calculate the highest common divisor of d and 247.
19
Let y be (-57)/(-6)*-1*-10. Suppose 3*k + y = 5*z - 2*k, -2*k + 26 = 2*z. What is the greatest common factor of z and 40?
8
Let k = 906 + -627. Suppose -4*m + 311 = -5*r, 4*m = -4*r + 23 - k. Let v be (r/(-6))/(-3)*-4. What is the greatest common divisor of 2 and v?
2
Let s = 142 - 62. What is the highest common factor of s and 32?
16
Let z(i) = 5*i - 19. Let n be z(7). What is the greatest common divisor of n and 80?
16
Suppose 0 = 3*c - 6*c + 48. Let q(p) = p**3 - 10*p**2 + 10*p - 1. Let w be q(9). What is the highest common divisor of w and c?
8
Let k(i) = 8*i**2 - i - 2. Let q be k(-2). Calculate the highest common factor of q and 4.
4
Suppose -5 - 15 = -4*i. Suppose -x - 128 = -3*t, i*t + 0*x + 2*x = 228. Calculate the highest common divisor of t and 11.
11
Suppose -5*u + t + 13 = 0, 2*t - 6*t - 12 = 0. Suppose -4*d = d + u*p - 5, 4*d = -4*p - 8. Calculate the greatest common factor of d and 2.
1
Suppose 66 = g - 4*g. Let r = g - -40. Calculate the highest common factor of 72 and r.
18
Suppose 2*o - 59 - 1 = 0. Suppose 3*x = 2*x - 2*b + 4, -3*b - 15 = -2*x. Calculate the highest common divisor of o and x.
6
Suppose 14 = 2*j - j. Calculate the highest common factor of 21 and j.
7
Let u be 0*(-1)/3 + 0 + 8. Calculate the greatest common factor of u and 8.
8
Suppose -x - 3*x + 20 = 0. Suppose -245 = -x*p - 5. Suppose -2*h = -4*b, 3*h - 3*b - 10 = -1. Calculate the highest common divisor of h and p.
6
Suppose 4*t - 320 = 36*s - 32*s, 5*t - 410 = -5*s. Let u be (-79)/(-3) - 8/(-12). What is the greatest common divisor of t and u?
27
Let b = 81 + -53. What is the greatest common divisor of b and 154?
14
Let w(r) = -r + 14. Let p be w(10). What is the highest common divisor of p and 32?
4
Let k = -3 - -29. Suppose 0 = -5*u + 7 + 8. Let v be (-1 + u - 1) + k. What is the highest common divisor of v and 3?
3
Let s(h) = h**2 + h - 2. Let p be s(-4). Suppose -p = -10*u + 5*u. Suppose -j - 9 = u*t, -2*j + 8 = -4*t - 14. What is the highest common divisor of 1 and j?
1
Let c(j) = -j**3 + 14*j**2 + 16*j + 9. Let u be c(15). What is the highest common factor of u and 24?
24
Suppose g = 5*n + 22, -3*n - 14 = -0*g - g. Suppose -3*l - g*l = -275. Calculate the greatest common factor of 22 and l.
11
Let c be 0/(-2 - (-2 + 3)). Suppose 0 = 4*u + 20, 5*p + 4*u + c*u - 55 = 0. What is the greatest common factor of 6 and p?
3
Let g be (-6)/((16/30)/4). Let k = g - -66. What is the highest common divisor of k and 7?
7
Suppose f - 8 = 3*a + 2*a, a + 13 = 4*f. Suppose -f*n = 5*q - 45, 0*n + 36 = 4*q - n. Calculate the highest common divisor of q and 27.
9
Let a(u) = 14*u**2 + u + 2. Let x be a(-2). Let r = 133 - x. What is the greatest common factor of 7 and r?
7
Suppose 4*v - 64 = -3*f, v - 22 - 14 = -2*f. Calculate the greatest common divisor of f and 144.
16
Let n be 7/((-140)/(-8)) + 106/10. What is the greatest common divisor of 11 and n?
11
Let s be 4 + 4 + 6/2. Let k(r) = 17*r - 16. Let i be k(s). What is the greatest common factor of i and 19?
19
Suppose -22 - 42 = -4*n. What is the greatest common factor of 80 and n?
16
Let a(h) = -1 - h**2 + 8*h + 2 - 1 + 4. Let c be a(6). Calculate the highest common divisor of c and 80.
16
Let o be (-33)/(-7) + (-4)/(-14). Let k be -2 - 4/((-4)/o). Calculate the highest common divisor of k and 12.
3
Let k(f) = 108*f**2. Let t be k(1). What is the highest common divisor of t and 36?
36
Suppose -m - 16 = -7. Let p(x) = x**3 + 10*x**2 + 9*x + 10. Let d be p(m). Calculate the highest common divisor of d and 110.
10
Let j = -26 - -46. Suppose -p + 13 = 5*m, 3*m - 8 = -m - 2*p. Suppose m*y - j = -y. Calculate the highest common factor of 20 and y.
5
Let i(t) = t**2 - 1. Let j = -14 - -16. Let f be i(j). What is the greatest common divisor of 6 and f?
3
Suppose 0 = -17*t + 20*t - 351. Calculate the greatest common divisor of t and 26.
13
Suppose -10 = -r - 6. What is the highest common divisor of r and 3